ate the greatest common divisor of 425 and 10225.
25
What is the highest common divisor of 451 and 52234?
41
What is the greatest common divisor of 123 and 879?
3
What is the highest common divisor of 1684 and 5707918?
842
What is the highest common divisor of 1572 and 648?
12
What is the greatest common factor of 81 and 21625?
1
Calculate the greatest common factor of 10286740 and 148.
148
What is the highest common divisor of 267 and 789?
3
What is the greatest common divisor of 6 and 4264278?
6
What is the highest common divisor of 4071 and 26019?
177
Calculate the highest common factor of 195109 and 23.
23
What is the greatest common factor of 2717 and 9347?
13
What is the greatest common divisor of 516 and 2391?
3
What is the highest common factor of 972 and 7804?
4
Calculate the highest common factor of 16200 and 4590.
270
What is the greatest common factor of 9003128 and 8?
8
What is the highest common factor of 115 and 253?
23
Calculate the greatest common factor of 28 and 94458.
14
Calculate the highest common divisor of 748 and 134266.
374
Calculate the greatest common divisor of 17760 and 164640.
480
What is the highest common divisor of 7612 and 4708?
44
What is the greatest common factor of 4 and 40730?
2
Calculate the greatest common factor of 436 and 319588.
436
What is the greatest common divisor of 2016 and 4914?
126
Calculate the highest common factor of 262830 and 30.
30
Calculate the greatest common factor of 2212 and 280448.
28
What is the highest common divisor of 35973 and 2223?
9
What is the greatest common factor of 72149 and 1848?
77
Calculate the greatest common divisor of 75780 and 36.
36
What is the greatest common factor of 639301 and 26?
13
Calculate the highest common factor of 31950 and 64539.
639
What is the greatest common factor of 382 and 38773?
191
Calculate the highest common factor of 684 and 183540.
228
Calculate the greatest common divisor of 130932 and 954.
18
What is the greatest common factor of 203864 and 272?
136
Calculate the greatest common divisor of 40 and 45740.
20
What is the highest common divisor of 52 and 28691?
13
Calculate the greatest common divisor of 3586 and 2134.
22
What is the greatest common divisor of 1449 and 81207?
63
Calculate the greatest common divisor of 108866 and 58.
58
Calculate the highest common factor of 24 and 84344.
8
Calculate the highest common factor of 16049 and 803.
11
What is the greatest common factor of 67 and 384714?
67
What is the greatest common factor of 465 and 144615?
465
Calculate the greatest common divisor of 1380 and 4290.
30
What is the greatest common factor of 108 and 223830?
54
What is the highest common factor of 284075 and 275?
275
Calculate the greatest common divisor of 378 and 154658.
14
What is the greatest common factor of 7211274 and 42?
42
Calculate the highest common factor of 1702 and 528471.
851
What is the highest common factor of 1269 and 1962?
9
Calculate the greatest common factor of 10 and 786375.
5
What is the highest common factor of 50752 and 1352?
104
What is the highest common factor of 399 and 160923?
21
Calculate the greatest common factor of 44736 and 144.
48
Calculate the greatest common divisor of 2040 and 1460.
20
What is the greatest common factor of 192 and 1620?
12
Calculate the greatest common divisor of 1703 and 32461.
13
What is the highest common divisor of 265395 and 39?
39
Calculate the greatest common factor of 366849 and 54.
27
What is the greatest common factor of 45810 and 180?
90
Calculate the highest common factor of 91 and 737191.
91
What is the highest common factor of 1932 and 8708?
28
What is the highest common divisor of 1304 and 4232784?
1304
What is the greatest common factor of 73 and 3147760?
73
What is the greatest common factor of 136 and 33388?
68
What is the greatest common factor of 1442 and 248766?
14
Calculate the highest common factor of 988891 and 303.
101
What is the highest common factor of 9136 and 7?
1
What is the highest common factor of 22144 and 192376?
1384
What is the greatest common divisor of 846 and 96162?
282
What is the greatest common factor of 255 and 6946455?
255
Calculate the greatest common factor of 4831093 and 215.
43
What is the highest common factor of 26788 and 592?
148
Calculate the greatest common divisor of 1503 and 1602.
9
Calculate the greatest common factor of 4953824 and 16.
16
Calculate the greatest common factor of 21 and 798987.
21
What is the greatest common factor of 72 and 13512?
24
What is the highest common factor of 26 and 20215?
13
What is the greatest common divisor of 49750 and 32250?
250
What is the highest common divisor of 8564951 and 47?
47
Calculate the greatest common divisor of 1125 and 127875.
375
Calculate the highest common factor of 2843451 and 351.
351
Calculate the highest common factor of 387 and 285391.
43
What is the highest common divisor of 20922 and 594?
66
What is the greatest common factor of 115 and 1255?
5
Calculate the greatest common divisor of 354 and 35223.
177
What is the highest common divisor of 765 and 2461005?
765
What is the greatest common factor of 1210 and 10670?
110
Calculate the highest common divisor of 96 and 369696.
96
What is the greatest common factor of 344 and 6537720?
344
What is the greatest common divisor of 196 and 180278?
14
What is the highest common divisor of 34399 and 25133?
41
Calculate the greatest common factor of 68536 and 5408.
104
Calculate the greatest common factor of 164325 and 50.
25
Calculate the highest common divisor of 102 and 11492.
34
Calculate the greatest common divisor of 54 and 22455.
9
Calculate the highest common divisor of 4192 and 872722.
262
What is the highest common divisor of 44 and 35266?
22
Calculate the greatest common divisor of 306936 and 5220.
1044
Calculate the highest common divisor of 12 and 129321.
3
Calculate the greatest common divisor of 332 and 348434.
166
Calculate the highest common divisor of 1102 and 7030.
38
Calculate the highest common divisor of 84 and 6055938.
42
Calculate the greatest common factor of 98934 and 99.
33
Calculate the highest common divisor of 10604 and 308.
44
What is the highest common divisor of 10 and 9965?
5
What is the greatest common factor of 85631 and 52?
13
Calculate the highest common divisor of 4176986 and 406.
58
Calculate the greatest common divisor of 20976 and 6080.
304
Calculate the greatest common factor of 1335052 and 354.
118
What is the highest common divisor of 2318 and 38?
38
Calculate the highest common factor of 204897 and 1386.
231
Calculate the highest common divisor of 28 and 947156.
28
What is the greatest common factor of 7548 and 4884?
444
Calculate the highest common factor of 130 and 6695.
65
What is the highest common factor of 612033 and 93?
93
Calculate the highest common divisor of 64 and 528416.
32
What is the highest common divisor of 4878 and 83468?
542
Calculate the greatest common factor of 4029 and 34.
17
Calculate the highest common divisor of 129 and 570739.
43
What is the greatest common factor of 429 and 15535?
13
Calculate the greatest common divisor of 11158 and 325973.
797
What is the highest common divisor of 2900592 and 288?
144
Calculate the highest common divisor of 116853 and 132.
33
Calculate the greatest common divisor of 171737 and 62999.
863
What is the greatest common divisor of 2583 and 28539?
63
Calculate the greatest common divisor of 297643 and 23.
23
What is the greatest common factor of 11300 and 212?
4
Calculate the greatest common divisor of 722 and 851599.
361
Calculate the greatest common divisor of 2256 and 24111.
141
What is the highest common divisor of 448 and 351008?
224
What is the greatest common factor of 279 and 32612?
31
Calculate the greatest common divisor of 4980 and 20252.
332
Calculate the highest common factor of 924 and 753676.
308
Calculate the highest common divisor of 492 and 37228.
164
What is the highest common factor of 2936 and 7707?
367
Calculate the highest common factor of 973154 and 7.
7
Calculate the highest common factor of 187384 and 1003.
59
What is the highest common divisor of 1086 and 1123467?
543
Calculate the highest common divisor of 118355 and 15.
5
Calculate the greatest common factor of 29 and 2098411.
29
Calcu